{"id":10945,"date":"2023-12-19T07:46:23","date_gmt":"2023-12-19T06:46:23","guid":{"rendered":"https:\/\/jonelli-fashion.de\/?post_type=product&#038;p=10945"},"modified":"2023-12-24T00:00:06","modified_gmt":"2023-12-23T23:00:06","slug":"die-tulpe-groesse-34-50","status":"publish","type":"product","link":"https:\/\/jonelli-fashion.de\/index.php\/produkt\/die-tulpe-groesse-34-50\/","title":{"rendered":"Die Tulpe (Gr\u00f6\u00dfe 34-50)"},"content":{"rendered":"\t\t<div data-elementor-type=\"wp-post\" data-elementor-id=\"10945\" class=\"elementor elementor-10945\">\n\t\t\t\t\t\t<section class=\"elementor-section elementor-top-section elementor-element elementor-element-8d39a3a elementor-section-boxed elementor-section-height-default elementor-section-height-default\" data-id=\"8d39a3a\" data-element_type=\"section\">\n\t\t\t\t\t\t<div class=\"elementor-container elementor-column-gap-default\">\n\t\t\t\t\t<div class=\"elementor-column elementor-col-100 elementor-top-column elementor-element elementor-element-978425a\" data-id=\"978425a\" data-element_type=\"column\">\n\t\t\t<div class=\"elementor-widget-wrap elementor-element-populated\">\n\t\t\t\t\t\t<div class=\"elementor-element elementor-element-0eda662 elementor-widget elementor-widget-text-editor\" data-id=\"0eda662\" data-element_type=\"widget\" data-widget_type=\"text-editor.default\">\n\t\t\t\t<div class=\"elementor-widget-container\">\n\t\t\t\t\t\t\t<p class=\"cvGsUA direction-ltr align-start para-style-body\"><span class=\"OYPEnA text-decoration-none text-strikethrough-none\">Die Tulpe ist ein <b>Rock<\/b> f\u00fcr Damen in zwei verschiedenen Varianten.\u00a0<br \/><\/span><span class=\"OYPEnA text-decoration-none text-strikethrough-none\" style=\"font-size: 15px; color: var(--ast-global-color-3);\">Charakteristisch ist die <\/span><span class=\"OYPEnA text-decoration-none text-strikethrough-none\" style=\"font-size: 15px; color: var(--ast-global-color-3);\"><b>Wickeloptik<\/b><\/span><span class=\"OYPEnA text-decoration-none text-strikethrough-none\" style=\"font-size: 15px; color: var(--ast-global-color-3);\"> am Vorderteil, welche wahlweise <\/span><span class=\"OYPEnA text-decoration-none text-strikethrough-none\" style=\"font-size: 15px; color: var(--ast-global-color-3);\">mit<\/span><span class=\"OYPEnA text-decoration-none text-strikethrough-none\" style=\"font-size: 15px; color: var(--ast-global-color-3);\"> oder <\/span><span class=\"OYPEnA text-decoration-none text-strikethrough-none\" style=\"font-size: 15px; color: var(--ast-global-color-3);\">ohne Falten<\/span><span class=\"OYPEnA text-decoration-none text-strikethrough-none\" style=\"font-size: 15px; color: var(--ast-global-color-3);\"> gen\u00e4ht werden kann.\u00a0<br \/><\/span><span style=\"font-size: 15px; color: var(--ast-global-color-3);\">Die Tulpe ist ein Rock, der super fix gen\u00e4ht ist und wundersch\u00f6ne Beine zaubert.<\/span><\/p><p>F\u00fcr die Tulpe eignen sich am besten<b>\u00a0dickere dehnbare<\/b><b>\u00a0Stoffe<\/b>, wie bspw. French Terry, Stretch Cord, Cordnicky, Wildlederimitate, Jacquard, Wollgemische, Lederjersey o.\u00e4.<\/p><p>Durch die sehr detaillierte, bebilderte Anleitung ist der Schnitt sowohl f\u00fcr<b>\u00a0Anf\u00e4nger<\/b>, als auch f\u00fcr\u00a0<b>fortgeschrittene<\/b>\u00a0N\u00e4her\/innen geeignet..<\/p><p>Das eBook beinhaltet eine\u00a0<b>A4 Datei\u00a0<\/b>(mit Ebenenfunktion), sowie eine\u00a0<b>A0 Datei<\/b>\u00a0mit Ebenenfunktion\u00a0f\u00fcr den Zuschnitt mit dem Beamer.<\/p><p><b>Eine Nahtzugabe von 0,7 cm ist bereits im Schnitt enthalten.<\/b><\/p><p><b>Folgendes ben\u00f6tigst du zum N\u00e4hen:<\/b><br \/>\u2013 N\u00e4hmaschine<br \/>\u2013 Stecknadeln oder Stoffclips<br \/>\u2013 Stoffschere oder Rollschneider<br \/>\u2013 Drucker oder Beamer<br \/>&#8211; Gummiband (4cm)<\/p>\t\t\t\t\t\t<\/div>\n\t\t\t\t<\/div>\n\t\t\t\t\t<\/div>\n\t\t<\/div>\n\t\t\t\t\t<\/div>\n\t\t<\/section>\n\t\t\t\t<\/div>\n\t\t","protected":false},"excerpt":{"rendered":"<p>Die Tulpe ist ein Rock f\u00fcr Damen in Wickeloptik.<\/p>\n","protected":false},"featured_media":10949,"comment_status":"open","ping_status":"closed","template":"","meta":{"site-sidebar-layout":"default","site-content-layout":"default","ast-global-header-display":"","ast-banner-title-visibility":"","ast-main-header-display":"","ast-hfb-above-header-display":"","ast-hfb-below-header-display":"","ast-hfb-mobile-header-display":"","site-post-title":"disabled","ast-breadcrumbs-content":"","ast-featured-img":"disabled","footer-sml-layout":"","theme-transparent-header-meta":"default","adv-header-id-meta":"","stick-header-meta":"","header-above-stick-meta":"","header-main-stick-meta":"","header-below-stick-meta":""},"product_cat":[15],"product_tag":[],"yoast_head":"<!-- This site is optimized with the Yoast SEO plugin v21.8.1 - https:\/\/yoast.com\/wordpress\/plugins\/seo\/ -->\n<title>Die Tulpe (Gr\u00f6\u00dfe 34-50) - Jonelli Fashion<\/title>\n<meta name=\"description\" content=\"Die Tulpe ist ein Rock f\u00fcr Damen in Wickeloptik.\" \/>\n<meta name=\"robots\" content=\"index, follow, max-snippet:-1, max-image-preview:large, max-video-preview:-1\" \/>\n<link rel=\"canonical\" href=\"https:\/\/jonelli-fashion.de\/index.php\/produkt\/die-tulpe-groesse-34-50\/\" \/>\n<meta property=\"og:locale\" content=\"de_DE\" \/>\n<meta property=\"og:type\" content=\"article\" \/>\n<meta property=\"og:title\" content=\"Die Tulpe (Gr\u00f6\u00dfe 34-50) - Jonelli Fashion\" \/>\n<meta property=\"og:description\" content=\"Die Tulpe ist ein Rock f\u00fcr Damen in Wickeloptik.\" \/>\n<meta property=\"og:url\" content=\"https:\/\/jonelli-fashion.de\/index.php\/produkt\/die-tulpe-groesse-34-50\/\" \/>\n<meta property=\"og:site_name\" content=\"Jonelli Fashion\" \/>\n<meta property=\"article:modified_time\" content=\"2023-12-23T23:00:06+00:00\" \/>\n<meta property=\"og:image\" content=\"https:\/\/jonelli-fashion.de\/wp-content\/uploads\/2023\/12\/Die-Tulpe-Produktbild-724x1024.png\" \/>\n\t<meta property=\"og:image:width\" content=\"724\" \/>\n\t<meta property=\"og:image:height\" content=\"1024\" \/>\n\t<meta property=\"og:image:type\" content=\"image\/png\" \/>\n<meta name=\"twitter:card\" content=\"summary_large_image\" \/>\n<meta name=\"twitter:label1\" content=\"Gesch\u00e4tzte Lesezeit\" \/>\n\t<meta name=\"twitter:data1\" content=\"1\u00a0Minute\" \/>\n<script type=\"application\/ld+json\" class=\"yoast-schema-graph\">{\"@context\":\"https:\/\/schema.org\",\"@graph\":[{\"@type\":\"WebPage\",\"@id\":\"https:\/\/jonelli-fashion.de\/index.php\/produkt\/die-tulpe-groesse-34-50\/\",\"url\":\"https:\/\/jonelli-fashion.de\/index.php\/produkt\/die-tulpe-groesse-34-50\/\",\"name\":\"Die Tulpe (Gr\u00f6\u00dfe 34-50) - Jonelli Fashion\",\"isPartOf\":{\"@id\":\"https:\/\/jonelli-fashion.de\/#website\"},\"datePublished\":\"2023-12-19T06:46:23+00:00\",\"dateModified\":\"2023-12-23T23:00:06+00:00\",\"description\":\"Die Tulpe ist ein Rock f\u00fcr Damen in Wickeloptik.\",\"breadcrumb\":{\"@id\":\"https:\/\/jonelli-fashion.de\/index.php\/produkt\/die-tulpe-groesse-34-50\/#breadcrumb\"},\"inLanguage\":\"de\",\"potentialAction\":[{\"@type\":\"ReadAction\",\"target\":[\"https:\/\/jonelli-fashion.de\/index.php\/produkt\/die-tulpe-groesse-34-50\/\"]}]},{\"@type\":\"BreadcrumbList\",\"@id\":\"https:\/\/jonelli-fashion.de\/index.php\/produkt\/die-tulpe-groesse-34-50\/#breadcrumb\",\"itemListElement\":[{\"@type\":\"ListItem\",\"position\":1,\"name\":\"Startseite\",\"item\":\"https:\/\/jonelli-fashion.de\/\"},{\"@type\":\"ListItem\",\"position\":2,\"name\":\"Shop\",\"item\":\"https:\/\/jonelli-fashion.de\/index.php\/shop\/\"},{\"@type\":\"ListItem\",\"position\":3,\"name\":\"Die Tulpe (Gr\u00f6\u00dfe 34-50)\"}]},{\"@type\":\"WebSite\",\"@id\":\"https:\/\/jonelli-fashion.de\/#website\",\"url\":\"https:\/\/jonelli-fashion.de\/\",\"name\":\"Jonelli Fashion\",\"description\":\"Wenn aus N\u00e4hen eine Leidenschaft wird\",\"potentialAction\":[{\"@type\":\"SearchAction\",\"target\":{\"@type\":\"EntryPoint\",\"urlTemplate\":\"https:\/\/jonelli-fashion.de\/?s={search_term_string}\"},\"query-input\":\"required name=search_term_string\"}],\"inLanguage\":\"de\"}]}<\/script>\n<!-- \/ Yoast SEO plugin. -->","yoast_head_json":{"title":"Die Tulpe (Gr\u00f6\u00dfe 34-50) - Jonelli Fashion","description":"Die Tulpe ist ein Rock f\u00fcr Damen in Wickeloptik.","robots":{"index":"index","follow":"follow","max-snippet":"max-snippet:-1","max-image-preview":"max-image-preview:large","max-video-preview":"max-video-preview:-1"},"canonical":"https:\/\/jonelli-fashion.de\/index.php\/produkt\/die-tulpe-groesse-34-50\/","og_locale":"de_DE","og_type":"article","og_title":"Die Tulpe (Gr\u00f6\u00dfe 34-50) - Jonelli Fashion","og_description":"Die Tulpe ist ein Rock f\u00fcr Damen in Wickeloptik.","og_url":"https:\/\/jonelli-fashion.de\/index.php\/produkt\/die-tulpe-groesse-34-50\/","og_site_name":"Jonelli Fashion","article_modified_time":"2023-12-23T23:00:06+00:00","og_image":[{"width":724,"height":1024,"url":"https:\/\/jonelli-fashion.de\/wp-content\/uploads\/2023\/12\/Die-Tulpe-Produktbild-724x1024.png","type":"image\/png"}],"twitter_card":"summary_large_image","twitter_misc":{"Gesch\u00e4tzte Lesezeit":"1\u00a0Minute"},"schema":{"@context":"https:\/\/schema.org","@graph":[{"@type":"WebPage","@id":"https:\/\/jonelli-fashion.de\/index.php\/produkt\/die-tulpe-groesse-34-50\/","url":"https:\/\/jonelli-fashion.de\/index.php\/produkt\/die-tulpe-groesse-34-50\/","name":"Die Tulpe (Gr\u00f6\u00dfe 34-50) - Jonelli Fashion","isPartOf":{"@id":"https:\/\/jonelli-fashion.de\/#website"},"datePublished":"2023-12-19T06:46:23+00:00","dateModified":"2023-12-23T23:00:06+00:00","description":"Die Tulpe ist ein Rock f\u00fcr Damen in Wickeloptik.","breadcrumb":{"@id":"https:\/\/jonelli-fashion.de\/index.php\/produkt\/die-tulpe-groesse-34-50\/#breadcrumb"},"inLanguage":"de","potentialAction":[{"@type":"ReadAction","target":["https:\/\/jonelli-fashion.de\/index.php\/produkt\/die-tulpe-groesse-34-50\/"]}]},{"@type":"BreadcrumbList","@id":"https:\/\/jonelli-fashion.de\/index.php\/produkt\/die-tulpe-groesse-34-50\/#breadcrumb","itemListElement":[{"@type":"ListItem","position":1,"name":"Startseite","item":"https:\/\/jonelli-fashion.de\/"},{"@type":"ListItem","position":2,"name":"Shop","item":"https:\/\/jonelli-fashion.de\/index.php\/shop\/"},{"@type":"ListItem","position":3,"name":"Die Tulpe (Gr\u00f6\u00dfe 34-50)"}]},{"@type":"WebSite","@id":"https:\/\/jonelli-fashion.de\/#website","url":"https:\/\/jonelli-fashion.de\/","name":"Jonelli Fashion","description":"Wenn aus N\u00e4hen eine Leidenschaft wird","potentialAction":[{"@type":"SearchAction","target":{"@type":"EntryPoint","urlTemplate":"https:\/\/jonelli-fashion.de\/?s={search_term_string}"},"query-input":"required name=search_term_string"}],"inLanguage":"de"}]}},"_links":{"self":[{"href":"https:\/\/jonelli-fashion.de\/index.php\/wp-json\/wp\/v2\/product\/10945"}],"collection":[{"href":"https:\/\/jonelli-fashion.de\/index.php\/wp-json\/wp\/v2\/product"}],"about":[{"href":"https:\/\/jonelli-fashion.de\/index.php\/wp-json\/wp\/v2\/types\/product"}],"replies":[{"embeddable":true,"href":"https:\/\/jonelli-fashion.de\/index.php\/wp-json\/wp\/v2\/comments?post=10945"}],"version-history":[{"count":5,"href":"https:\/\/jonelli-fashion.de\/index.php\/wp-json\/wp\/v2\/product\/10945\/revisions"}],"predecessor-version":[{"id":10988,"href":"https:\/\/jonelli-fashion.de\/index.php\/wp-json\/wp\/v2\/product\/10945\/revisions\/10988"}],"wp:featuredmedia":[{"embeddable":true,"href":"https:\/\/jonelli-fashion.de\/index.php\/wp-json\/wp\/v2\/media\/10949"}],"wp:attachment":[{"href":"https:\/\/jonelli-fashion.de\/index.php\/wp-json\/wp\/v2\/media?parent=10945"}],"wp:term":[{"taxonomy":"product_cat","embeddable":true,"href":"https:\/\/jonelli-fashion.de\/index.php\/wp-json\/wp\/v2\/product_cat?post=10945"},{"taxonomy":"product_tag","embeddable":true,"href":"https:\/\/jonelli-fashion.de\/index.php\/wp-json\/wp\/v2\/product_tag?post=10945"}],"curies":[{"name":"wp","href":"https:\/\/api.w.org\/{rel}","templated":true}]}}