{"id":11681,"date":"2024-03-28T09:02:08","date_gmt":"2024-03-28T08:02:08","guid":{"rendered":"https:\/\/jonelli-fashion.de\/?post_type=product&#038;p=11681"},"modified":"2024-04-02T01:10:42","modified_gmt":"2024-04-01T23:10:42","slug":"kombi-ebook-der-kuschel-puschel-und-der-grosse-kuschel-puschel-groesse-86-146-34-50","status":"publish","type":"product","link":"https:\/\/jonelli-fashion.de\/index.php\/produkt\/kombi-ebook-der-kuschel-puschel-und-der-grosse-kuschel-puschel-groesse-86-146-34-50\/","title":{"rendered":"Kombi-eBook Der Kuschel-Puschel und Der gro\u00dfe Kuschel-Puschel (Gr\u00f6\u00dfe 86-146 &#038; 34-50)"},"content":{"rendered":"\t\t<div data-elementor-type=\"wp-post\" data-elementor-id=\"11681\" class=\"elementor elementor-11681\">\n\t\t\t\t\t\t<section class=\"elementor-section elementor-top-section elementor-element elementor-element-9752c2f elementor-section-boxed elementor-section-height-default elementor-section-height-default\" data-id=\"9752c2f\" data-element_type=\"section\">\n\t\t\t\t\t\t<div class=\"elementor-container elementor-column-gap-default\">\n\t\t\t\t\t<div class=\"elementor-column elementor-col-100 elementor-top-column elementor-element elementor-element-defbff6\" data-id=\"defbff6\" data-element_type=\"column\">\n\t\t\t<div class=\"elementor-widget-wrap elementor-element-populated\">\n\t\t\t\t\t\t<div class=\"elementor-element elementor-element-8eba27b elementor-widget elementor-widget-text-editor\" data-id=\"8eba27b\" data-element_type=\"widget\" data-widget_type=\"text-editor.default\">\n\t\t\t\t<div class=\"elementor-widget-container\">\n\t\t\t\t\t\t\t<p><span class=\"OYPEnA text-decoration-none text-strikethrough-none\">Der Kuschel-Puschel ist ein<b>&nbsp;Hoodie&nbsp;<\/b>f\u00fcr Kinder mit verschiedenen Variationsm\u00f6glichkeiten.<\/span><\/p>\n<p class=\"cvGsUA direction-ltr align-start para-style-body\">Der Kuschel-Puschel kann als sportlicher Hoodie mit einer&nbsp;<b>Kapuze<\/b>&nbsp;oder einem kuscheligen&nbsp;<b>Kragen<\/b>&nbsp;gen\u00e4ht werden. Du hast au\u00dferdem die Wahl zwischen&nbsp;<b>normalen \u00c4rmeln<\/b>&nbsp;oder&nbsp;<b>Falten\u00e4rmeln<\/b>, die dem Schnitt einen Hauch Extravaganz verleihen.&nbsp;<span class=\"OYPEnA text-decoration-none text-strikethrough-none\">Wenn du es eher schlicht magst, kannst du den Pullover mit B\u00fcndchen an Arm-, Bauch- und Halsausschnitt n\u00e4hen.<\/span><\/p>\n<p class=\"cvGsUA direction-ltr align-start para-style-body\">Du kannst den Kuschel-Puschel au\u00dferdem als&nbsp;<b>Hoodiekleid<\/b>&nbsp;n\u00e4hen. Bei dieser Variante ist die<b>&nbsp;seitliche Raffung<\/b>&nbsp;charakteristisch.<\/p>\n<p>Dieses Kombi-eBook eignet sich perfekt f\u00fcr den Partnerlook von Mama und Tochter!<\/p>\n<p>F\u00fcr den Kuschel-Puschel eigenen sich&nbsp;am besten&nbsp;<b>d<span class=\"OYPEnA text-decoration-none text-strikethrough-none\">ickere<\/span>&nbsp;<span class=\"OYPEnA text-decoration-none text-strikethrough-none\">dehnbare Stoffe<\/span><\/b><span class=\"OYPEnA text-decoration-none text-strikethrough-none\">, wie bspw. Sweat, Jacquard, Teddy, Alpenfleece o.\u00e4. Achte hierbei jedoch auf eine ausreichende Dehnbarkeit.<br><\/span>French Terry ist ebenfalls m\u00f6glich, hier musst du jedoch ggf. in der Weite ein wenig anpassen.<\/p>\n<p>Durch die sehr detaillierte, bebilderte Anleitung ist der Schnitt sowohl f\u00fcr&nbsp;<b>Anf\u00e4nger<\/b>, als auch f\u00fcr<b>&nbsp;fortgeschrittene<\/b>&nbsp;N\u00e4her\/innen geeignet..<\/p>\n<p>Das eBook beinhaltet eine&nbsp;<b>A4 Datei&nbsp;<\/b>(mit Ebenenfunktion), sowie eine&nbsp;<b>A0 Datei<\/b>&nbsp;mit Ebenenfunktion&nbsp;f\u00fcr den Zuschnitt mit dem Beamer.<\/p>\n<p><b>Eine Nahtzugabe von 0,7 cm ist bereits im Schnitt enthalten.<\/b><\/p>\n<p><b>Folgendes ben\u00f6tigst du zum N\u00e4hen:<\/b><br>\u2013 N\u00e4hmaschine<br>\u2013 Stecknadeln oder Stoffclips<br>\u2013 Stoffschere oder Rollschneider<br>\u2013 Drucker oder Beamer<br>\u2013 T\u00fcddelkram (Label, \u00d6sen, Kordel, etc.)<\/p>\t\t\t\t\t\t<\/div>\n\t\t\t\t<\/div>\n\t\t\t\t\t<\/div>\n\t\t<\/div>\n\t\t\t\t\t<\/div>\n\t\t<\/section>\n\t\t\t\t<\/div>\n\t\t","protected":false},"excerpt":{"rendered":"<p><span class=\"OYPEnA text-decoration-none text-strikethrough-none\">Der Kuschel-Puschel ist ein Hoodie f\u00fcr Kinder und Damen mit verschiedenen Variationsm\u00f6glichkeiten.<\/span><\/p>\n","protected":false},"featured_media":11683,"comment_status":"open","ping_status":"closed","template":"","meta":{"site-sidebar-layout":"default","site-content-layout":"default","ast-global-header-display":"","ast-banner-title-visibility":"","ast-main-header-display":"","ast-hfb-above-header-display":"","ast-hfb-below-header-display":"","ast-hfb-mobile-header-display":"","site-post-title":"disabled","ast-breadcrumbs-content":"","ast-featured-img":"disabled","footer-sml-layout":"","theme-transparent-header-meta":"default","adv-header-id-meta":"","stick-header-meta":"","header-above-stick-meta":"","header-main-stick-meta":"","header-below-stick-meta":""},"product_cat":[15],"product_tag":[],"yoast_head":"<!-- This site is optimized with the Yoast SEO plugin v21.8.1 - https:\/\/yoast.com\/wordpress\/plugins\/seo\/ -->\n<title>Kombi-eBook Der Kuschel-Puschel und Der gro\u00dfe Kuschel-Puschel (Gr\u00f6\u00dfe 86-146 &amp; 34-50) - Jonelli Fashion<\/title>\n<meta name=\"description\" content=\"Der Kuschel-Puschel ist ein Hoodie f\u00fcr Kinder und Damen mit verschiedenen Variationsm\u00f6glichkeiten.\" \/>\n<meta name=\"robots\" content=\"index, follow, max-snippet:-1, max-image-preview:large, max-video-preview:-1\" \/>\n<link rel=\"canonical\" href=\"https:\/\/jonelli-fashion.de\/index.php\/produkt\/kombi-ebook-der-kuschel-puschel-und-der-grosse-kuschel-puschel-groesse-86-146-34-50\/\" \/>\n<meta property=\"og:locale\" content=\"de_DE\" \/>\n<meta property=\"og:type\" content=\"article\" \/>\n<meta property=\"og:title\" content=\"Kombi-eBook Der Kuschel-Puschel und Der gro\u00dfe Kuschel-Puschel (Gr\u00f6\u00dfe 86-146 &amp; 34-50) - Jonelli Fashion\" \/>\n<meta property=\"og:description\" content=\"Der Kuschel-Puschel ist ein Hoodie f\u00fcr Kinder und Damen mit verschiedenen Variationsm\u00f6glichkeiten.\" \/>\n<meta property=\"og:url\" content=\"https:\/\/jonelli-fashion.de\/index.php\/produkt\/kombi-ebook-der-kuschel-puschel-und-der-grosse-kuschel-puschel-groesse-86-146-34-50\/\" \/>\n<meta property=\"og:site_name\" content=\"Jonelli Fashion\" \/>\n<meta property=\"article:modified_time\" content=\"2024-04-01T23:10:42+00:00\" \/>\n<meta property=\"og:image\" content=\"https:\/\/jonelli-fashion.de\/wp-content\/uploads\/2024\/03\/Titelbilder-Shop-Kombi-eBook.jpg\" \/>\n\t<meta property=\"og:image:width\" content=\"1414\" \/>\n\t<meta property=\"og:image:height\" content=\"2000\" \/>\n\t<meta property=\"og:image:type\" content=\"image\/jpeg\" \/>\n<meta name=\"twitter:card\" content=\"summary_large_image\" \/>\n<meta name=\"twitter:label1\" content=\"Gesch\u00e4tzte Lesezeit\" \/>\n\t<meta name=\"twitter:data1\" content=\"2\u00a0Minuten\" \/>\n<script type=\"application\/ld+json\" class=\"yoast-schema-graph\">{\"@context\":\"https:\/\/schema.org\",\"@graph\":[{\"@type\":\"WebPage\",\"@id\":\"https:\/\/jonelli-fashion.de\/index.php\/produkt\/kombi-ebook-der-kuschel-puschel-und-der-grosse-kuschel-puschel-groesse-86-146-34-50\/\",\"url\":\"https:\/\/jonelli-fashion.de\/index.php\/produkt\/kombi-ebook-der-kuschel-puschel-und-der-grosse-kuschel-puschel-groesse-86-146-34-50\/\",\"name\":\"Kombi-eBook Der Kuschel-Puschel und Der gro\u00dfe Kuschel-Puschel (Gr\u00f6\u00dfe 86-146 & 34-50) - Jonelli Fashion\",\"isPartOf\":{\"@id\":\"https:\/\/jonelli-fashion.de\/#website\"},\"datePublished\":\"2024-03-28T08:02:08+00:00\",\"dateModified\":\"2024-04-01T23:10:42+00:00\",\"description\":\"Der Kuschel-Puschel ist ein Hoodie f\u00fcr Kinder und Damen mit verschiedenen Variationsm\u00f6glichkeiten.\",\"breadcrumb\":{\"@id\":\"https:\/\/jonelli-fashion.de\/index.php\/produkt\/kombi-ebook-der-kuschel-puschel-und-der-grosse-kuschel-puschel-groesse-86-146-34-50\/#breadcrumb\"},\"inLanguage\":\"de\",\"potentialAction\":[{\"@type\":\"ReadAction\",\"target\":[\"https:\/\/jonelli-fashion.de\/index.php\/produkt\/kombi-ebook-der-kuschel-puschel-und-der-grosse-kuschel-puschel-groesse-86-146-34-50\/\"]}]},{\"@type\":\"BreadcrumbList\",\"@id\":\"https:\/\/jonelli-fashion.de\/index.php\/produkt\/kombi-ebook-der-kuschel-puschel-und-der-grosse-kuschel-puschel-groesse-86-146-34-50\/#breadcrumb\",\"itemListElement\":[{\"@type\":\"ListItem\",\"position\":1,\"name\":\"Startseite\",\"item\":\"https:\/\/jonelli-fashion.de\/\"},{\"@type\":\"ListItem\",\"position\":2,\"name\":\"Shop\",\"item\":\"https:\/\/jonelli-fashion.de\/index.php\/shop\/\"},{\"@type\":\"ListItem\",\"position\":3,\"name\":\"Kombi-eBook Der Kuschel-Puschel und Der gro\u00dfe Kuschel-Puschel (Gr\u00f6\u00dfe 86-146 &#038; 34-50)\"}]},{\"@type\":\"WebSite\",\"@id\":\"https:\/\/jonelli-fashion.de\/#website\",\"url\":\"https:\/\/jonelli-fashion.de\/\",\"name\":\"Jonelli Fashion\",\"description\":\"Wenn aus N\u00e4hen eine Leidenschaft wird\",\"potentialAction\":[{\"@type\":\"SearchAction\",\"target\":{\"@type\":\"EntryPoint\",\"urlTemplate\":\"https:\/\/jonelli-fashion.de\/?s={search_term_string}\"},\"query-input\":\"required name=search_term_string\"}],\"inLanguage\":\"de\"}]}<\/script>\n<!-- \/ Yoast SEO plugin. -->","yoast_head_json":{"title":"Kombi-eBook Der Kuschel-Puschel und Der gro\u00dfe Kuschel-Puschel (Gr\u00f6\u00dfe 86-146 & 34-50) - Jonelli Fashion","description":"Der Kuschel-Puschel ist ein Hoodie f\u00fcr Kinder und Damen mit verschiedenen Variationsm\u00f6glichkeiten.","robots":{"index":"index","follow":"follow","max-snippet":"max-snippet:-1","max-image-preview":"max-image-preview:large","max-video-preview":"max-video-preview:-1"},"canonical":"https:\/\/jonelli-fashion.de\/index.php\/produkt\/kombi-ebook-der-kuschel-puschel-und-der-grosse-kuschel-puschel-groesse-86-146-34-50\/","og_locale":"de_DE","og_type":"article","og_title":"Kombi-eBook Der Kuschel-Puschel und Der gro\u00dfe Kuschel-Puschel (Gr\u00f6\u00dfe 86-146 & 34-50) - Jonelli Fashion","og_description":"Der Kuschel-Puschel ist ein Hoodie f\u00fcr Kinder und Damen mit verschiedenen Variationsm\u00f6glichkeiten.","og_url":"https:\/\/jonelli-fashion.de\/index.php\/produkt\/kombi-ebook-der-kuschel-puschel-und-der-grosse-kuschel-puschel-groesse-86-146-34-50\/","og_site_name":"Jonelli Fashion","article_modified_time":"2024-04-01T23:10:42+00:00","og_image":[{"width":1414,"height":2000,"url":"https:\/\/jonelli-fashion.de\/wp-content\/uploads\/2024\/03\/Titelbilder-Shop-Kombi-eBook.jpg","type":"image\/jpeg"}],"twitter_card":"summary_large_image","twitter_misc":{"Gesch\u00e4tzte Lesezeit":"2\u00a0Minuten"},"schema":{"@context":"https:\/\/schema.org","@graph":[{"@type":"WebPage","@id":"https:\/\/jonelli-fashion.de\/index.php\/produkt\/kombi-ebook-der-kuschel-puschel-und-der-grosse-kuschel-puschel-groesse-86-146-34-50\/","url":"https:\/\/jonelli-fashion.de\/index.php\/produkt\/kombi-ebook-der-kuschel-puschel-und-der-grosse-kuschel-puschel-groesse-86-146-34-50\/","name":"Kombi-eBook Der Kuschel-Puschel und Der gro\u00dfe Kuschel-Puschel (Gr\u00f6\u00dfe 86-146 & 34-50) - Jonelli Fashion","isPartOf":{"@id":"https:\/\/jonelli-fashion.de\/#website"},"datePublished":"2024-03-28T08:02:08+00:00","dateModified":"2024-04-01T23:10:42+00:00","description":"Der Kuschel-Puschel ist ein Hoodie f\u00fcr Kinder und Damen mit verschiedenen Variationsm\u00f6glichkeiten.","breadcrumb":{"@id":"https:\/\/jonelli-fashion.de\/index.php\/produkt\/kombi-ebook-der-kuschel-puschel-und-der-grosse-kuschel-puschel-groesse-86-146-34-50\/#breadcrumb"},"inLanguage":"de","potentialAction":[{"@type":"ReadAction","target":["https:\/\/jonelli-fashion.de\/index.php\/produkt\/kombi-ebook-der-kuschel-puschel-und-der-grosse-kuschel-puschel-groesse-86-146-34-50\/"]}]},{"@type":"BreadcrumbList","@id":"https:\/\/jonelli-fashion.de\/index.php\/produkt\/kombi-ebook-der-kuschel-puschel-und-der-grosse-kuschel-puschel-groesse-86-146-34-50\/#breadcrumb","itemListElement":[{"@type":"ListItem","position":1,"name":"Startseite","item":"https:\/\/jonelli-fashion.de\/"},{"@type":"ListItem","position":2,"name":"Shop","item":"https:\/\/jonelli-fashion.de\/index.php\/shop\/"},{"@type":"ListItem","position":3,"name":"Kombi-eBook Der Kuschel-Puschel und Der gro\u00dfe Kuschel-Puschel (Gr\u00f6\u00dfe 86-146 &#038; 34-50)"}]},{"@type":"WebSite","@id":"https:\/\/jonelli-fashion.de\/#website","url":"https:\/\/jonelli-fashion.de\/","name":"Jonelli Fashion","description":"Wenn aus N\u00e4hen eine Leidenschaft wird","potentialAction":[{"@type":"SearchAction","target":{"@type":"EntryPoint","urlTemplate":"https:\/\/jonelli-fashion.de\/?s={search_term_string}"},"query-input":"required name=search_term_string"}],"inLanguage":"de"}]}},"_links":{"self":[{"href":"https:\/\/jonelli-fashion.de\/index.php\/wp-json\/wp\/v2\/product\/11681"}],"collection":[{"href":"https:\/\/jonelli-fashion.de\/index.php\/wp-json\/wp\/v2\/product"}],"about":[{"href":"https:\/\/jonelli-fashion.de\/index.php\/wp-json\/wp\/v2\/types\/product"}],"replies":[{"embeddable":true,"href":"https:\/\/jonelli-fashion.de\/index.php\/wp-json\/wp\/v2\/comments?post=11681"}],"version-history":[{"count":15,"href":"https:\/\/jonelli-fashion.de\/index.php\/wp-json\/wp\/v2\/product\/11681\/revisions"}],"predecessor-version":[{"id":11706,"href":"https:\/\/jonelli-fashion.de\/index.php\/wp-json\/wp\/v2\/product\/11681\/revisions\/11706"}],"wp:featuredmedia":[{"embeddable":true,"href":"https:\/\/jonelli-fashion.de\/index.php\/wp-json\/wp\/v2\/media\/11683"}],"wp:attachment":[{"href":"https:\/\/jonelli-fashion.de\/index.php\/wp-json\/wp\/v2\/media?parent=11681"}],"wp:term":[{"taxonomy":"product_cat","embeddable":true,"href":"https:\/\/jonelli-fashion.de\/index.php\/wp-json\/wp\/v2\/product_cat?post=11681"},{"taxonomy":"product_tag","embeddable":true,"href":"https:\/\/jonelli-fashion.de\/index.php\/wp-json\/wp\/v2\/product_tag?post=11681"}],"curies":[{"name":"wp","href":"https:\/\/api.w.org\/{rel}","templated":true}]}}