{"id":5610,"date":"2022-01-11T18:50:44","date_gmt":"2022-01-11T17:50:44","guid":{"rendered":"https:\/\/jonelli-fashion.de\/?post_type=product&#038;p=5610"},"modified":"2022-12-09T00:02:10","modified_gmt":"2022-12-08T23:02:10","slug":"kombi-ebook-der-kleine-und-grosse-murkel-groesse-56-146-34-50","status":"publish","type":"product","link":"https:\/\/jonelli-fashion.de\/index.php\/produkt\/kombi-ebook-der-kleine-und-grosse-murkel-groesse-56-146-34-50\/","title":{"rendered":"Kombi-eBook Der kleine und gro\u00dfe Murkel (Gr\u00f6\u00dfe 56-146 &#038; 34-50)"},"content":{"rendered":"\t\t<div data-elementor-type=\"wp-post\" data-elementor-id=\"5610\" class=\"elementor elementor-5610\">\n\t\t\t\t\t\t<section class=\"elementor-section elementor-top-section elementor-element elementor-element-63739f6 elementor-section-boxed elementor-section-height-default elementor-section-height-default\" data-id=\"63739f6\" data-element_type=\"section\">\n\t\t\t\t\t\t<div class=\"elementor-container elementor-column-gap-default\">\n\t\t\t\t\t<div class=\"elementor-column elementor-col-100 elementor-top-column elementor-element elementor-element-8816ba9\" data-id=\"8816ba9\" data-element_type=\"column\">\n\t\t\t<div class=\"elementor-widget-wrap elementor-element-populated\">\n\t\t\t\t\t\t<div class=\"elementor-element elementor-element-6a9d710 elementor-widget elementor-widget-text-editor\" data-id=\"6a9d710\" data-element_type=\"widget\" data-widget_type=\"text-editor.default\">\n\t\t\t\t<div class=\"elementor-widget-container\">\n\t\t\t\t\t\t\t<p><span>Der Murkel ist ein&nbsp;<\/span><span><b>Basic Shirt<\/b><\/span><span><b>&nbsp;<\/b>f\u00fcr kleine und gro\u00dfe M\u00e4use, welches sowohl f\u00fcr M\u00e4dels als auch Jungs geeignet ist.<\/span><\/p>\n<p><span>Vor allem der schlichte Standardschnitt mit Beleg oder B\u00fcndchen und normalen \u00c4rmeln eignet sich super f\u00fcr die Jungs. Als kleine Highlights dienen die&nbsp;<\/span><span><b>Fake-Knopfleiste<\/b><\/span><span>&nbsp;am R\u00fcckteil, sowie die<b>&nbsp;<\/b><\/span><span><b>Brusttasche<\/b><\/span><span>&nbsp;oder die&nbsp;<\/span><span><b>Colorblock-Variante<\/b><\/span><span>.<\/span><\/p>\n<p><span>F\u00fcr die M\u00e4dels bietet der Schnitt allerhand Extras.<\/span><\/p>\n<p><span>Zum Einen k\u00f6nnen s\u00fc\u00dfe&nbsp;<\/span><span><b>Fl\u00fcgelchen<\/b>&nbsp;<\/span><span>die normalen \u00c4rmeln aufwerten, zum Anderen gibt es die<\/span><span>&nbsp;<b>Puff\u00e4rmel<\/b><\/span><span>.<\/span><\/p>\n<p><span>Der&nbsp;<\/span><span><b>R\u00fcckenausschnitt<\/b><\/span><span>&nbsp;kann wahlweise mit<\/span><span>&nbsp;<b>hohem oder tiefem Ausschnitt<\/b><\/span><span>&nbsp;gen\u00e4ht werden. Bei dem tiefen Ausschnitt bietet es sich an Bindeb\u00e4nder f\u00fcr eine s\u00fc\u00dfe Schleife mit einzun\u00e4hen. Auch hierzu gibt es eine Anleitung im eBook. Au\u00dferdem kann man das R\u00fcckteil mit einer&nbsp;<\/span><span><b>Kellerfalte<\/b><\/span><span>&nbsp;versehen, die das schlichte Basic Shirt nochmal aufwertet.<\/span><\/p>\n<p><span>Am unteren Saum kann au\u00dferdem eine&nbsp;<\/span><span><b>R\u00fcsche<\/b>&nbsp;<\/span><span>angebracht werden. Diese l\u00e4sst den Murkel direkt wieder verspielter wirken und ist sowohl f\u00fcr kleine als auch gro\u00dfe M\u00e4dels ein Hingucker.<\/span><\/p>\n<p><span><span style=\"font-size: 16px; font-style: normal; font-weight: 400;\">\u2014\u2014\u2014\u2014\u2014\u2014\u2014\u2014\u2014\u2014\u2014\u2014\u2014\u2014\u2014\u2014\u2014\u2014\u2014\u2014\u2014\u2014\u2014\u2014\u2014\u2014\u2014&nbsp;<\/span><\/span><\/p>\n<p style=\"font-size: 16px; font-style: normal; font-weight: 400;\"><span style=\"font-size: 16px;\">Der gro\u00dfe Murkel ist ein<\/span><span style=\"font-size: 16px;\">&nbsp;<span style=\"font-weight: 700;\">tailliertes Oberteil<\/span><\/span><span style=\"font-size: 16px;\">&nbsp;f\u00fcr Damen mit&nbsp;<\/span><span style=\"font-size: 16px;\"><span style=\"font-weight: 700;\">verschiedenen Ausschnittvarianten<\/span><\/span><span style=\"font-size: 16px;\">&nbsp;und&nbsp;<\/span><span style=\"font-size: 16px;\"><span style=\"font-weight: 700;\">Brustabn\u00e4hern<\/span>.<\/span><\/p>\n<p style=\"font-size: 16px; font-style: normal; font-weight: 400;\"><span style=\"font-size: 16px;\">Der gro\u00dfe Murkel kann als&nbsp;<\/span><span style=\"font-size: 16px;\"><span style=\"font-weight: 700;\">kurzes Shirt<\/span><\/span><span style=\"font-size: 16px;\">&nbsp;zu Highwaist-Hosen, als&nbsp;<\/span><span style=\"font-size: 16px;\"><span style=\"font-weight: 700;\">Longshirt<\/span><\/span><span style=\"font-size: 16px;\">&nbsp;oder als&nbsp;<\/span><span style=\"font-size: 16px;\"><span style=\"font-weight: 700;\">Kleid<\/span><\/span><span style=\"font-size: 16px;\">&nbsp;gen\u00e4ht werden.<br><\/span><span style=\"font-size: 16px;\">Der Ausschnitt bietet viele verschiedene M\u00f6glichkeiten. Man kann sowohl am&nbsp;<\/span><span style=\"font-size: 16px;\"><span style=\"font-weight: 700;\">vorderen<\/span><\/span><span style=\"font-size: 16px;\">&nbsp;als auch am&nbsp;<\/span><span style=\"font-size: 16px;\"><span style=\"font-weight: 700;\">hinteren Ausschnitt<\/span><\/span><span style=\"font-size: 16px;\">&nbsp;zwischen dem&nbsp;<\/span><span style=\"font-size: 16px;\"><span style=\"font-weight: 700;\">hohen oder tiefen Ausschnitt<\/span><\/span><span style=\"font-size: 16px;\">&nbsp;w\u00e4hlen und diese beliebig kombinieren.&nbsp;<br><\/span><span style=\"font-size: 16px; color: var(--ast-global-color-3);\">Der&nbsp;<\/span><span style=\"font-size: 16px; color: var(--ast-global-color-3);\">tiefe R\u00fcckenausschnitt<\/span><span style=\"font-size: 16px; color: var(--ast-global-color-3);\">&nbsp;kann mit h\u00fcbschen Bindeb\u00e4ndern oder einem Steg versch\u00f6nert werden und ist so ein ganz besonderer Hingucker.<\/span><\/p>\n<p style=\"font-size: 16px; font-style: normal; font-weight: 400;\"><span style=\"font-size: 16px;\">Du kannst au\u00dferdem zwischen den&nbsp;<\/span><span style=\"font-size: 16px;\"><span style=\"font-weight: 700;\">normalen<\/span><\/span><span style=\"font-size: 16px;\">&nbsp;oder den&nbsp;<\/span><span style=\"font-size: 16px;\"><span style=\"font-weight: 700;\">gerafften Puff\u00e4rmeln<\/span><\/span><span style=\"font-size: 16px;\">&nbsp;w\u00e4hlen. Vor allem der dezente Puff\u00e4rmel wertet deinen Murkel nochmal auf und l\u00e4sst ihn eleganter wirken.<\/span><\/p>\n<p style=\"font-size: 16px; font-style: normal; font-weight: 400;\"><span style=\"font-size: 16px;\">Der Halsausschnitt kann entweder mit&nbsp;<\/span><span style=\"font-size: 16px;\"><span style=\"font-weight: 700;\">Halsbelegen<\/span><\/span><span style=\"font-size: 16px;\">&nbsp;oder&nbsp;<\/span><span style=\"font-size: 16px;\"><span style=\"font-weight: 700;\">B\u00fcndchen<\/span><\/span><span style=\"font-size: 16px;\">&nbsp;gen\u00e4ht werden.<\/span><\/p>\n<p style=\"font-size: 16px; font-style: normal; font-weight: 400;\"><span style=\"font-size: 16px;\">F\u00fcr werdende Mamis gibt es eine&nbsp;<\/span><span style=\"font-size: 16px;\"><span style=\"font-weight: 700;\">Umstandsvariante<\/span><\/span><span style=\"font-size: 16px;\">. Bei dieser wird das Vorderteil gerafft, um dem B\u00e4uchlein gen\u00fcgend Platz zu verschaffen.<\/span><\/p>\n<p style=\"font-size: 16px; font-style: normal; font-weight: 400;\"><span style=\"font-size: 16px; font-style: normal; font-weight: 400;\">\u2014\u2014\u2014\u2014\u2014\u2014\u2014\u2014\u2014\u2014\u2014\u2014\u2014\u2014\u2014\u2014\u2014\u2014\u2014\u2014\u2014\u2014\u2014\u2014\u2014\u2014\u2014&nbsp;<\/span><span style=\"font-size: 16px;\"><br><\/span><\/p>\n<p style=\"font-size: 16px; font-style: normal; font-weight: 400;\">F\u00fcr die Schnitte eignen sich&nbsp;<span style=\"font-size: 16px; font-weight: 700;\">dehnbare Stoffe<\/span>, wie bspw. Jersey, Viskosejersey, Rippjersey, leichte Strickstoffe, French Terry, o.\u00e4.<\/p>\n<p style=\"font-size: 16px; font-style: normal; font-weight: 400;\">Durch die sehr detaillierte, bebilderte Anleitung ist der Schnitt sowohl f\u00fcr&nbsp;<span style=\"font-size: 16px; font-weight: 700;\">Anf\u00e4nger<\/span>, als auch f\u00fcr&nbsp;<span style=\"font-size: 16px; font-weight: 700;\">fortgeschrittene<\/span>&nbsp;N\u00e4her\/innen geeignet.<\/p>\n<p style=\"font-size: 16px; font-style: normal; font-weight: 400;\">Das eBook beinhaltet eine&nbsp;<span style=\"font-size: 16px; font-weight: 700;\">A4 Datei<\/span>&nbsp;(mit Ebenenfunktion), sowie eine&nbsp;<span style=\"font-size: 16px; font-weight: 700;\">A0 Datei<\/span>&nbsp;mit Ebenenfunktion&nbsp;f\u00fcr den Zuschnitt mit dem Beamer.<\/p>\n<p style=\"font-size: 16px; font-style: normal; font-weight: 400;\"><span style=\"font-size: 16px; font-weight: 700;\">Eine Nahtzugabe von 0,7cm ist bereits im Schnitt enthalten.<\/span><\/p>\n<p style=\"font-size: 16px; font-style: normal; font-weight: 400;\"><span style=\"font-size: 16px;\"><\/span><\/p>\n<p style=\"font-size: 16px; font-style: normal; font-weight: 400;\"><span style=\"font-size: 16px; font-weight: 700;\">Folgendes ben\u00f6tigst du zum N\u00e4hen:<\/span><br>\u2013 N\u00e4hmaschine<br>\u2013 Stecknadeln oder Stoffclips<br>\u2013 Stoffschere oder Rollschneider<br>\u2013 Drucker oder Beamer<br>\u2013 T\u00fcddelkram (Kn\u00f6pfe, Satinband, Schleifen, etc.)<br>\u2013 Framilonband<\/p>\t\t\t\t\t\t<\/div>\n\t\t\t\t<\/div>\n\t\t\t\t\t<\/div>\n\t\t<\/div>\n\t\t\t\t\t<\/div>\n\t\t<\/section>\n\t\t\t\t<\/div>\n\t\t","protected":false},"excerpt":{"rendered":"<p>Der Murkel ist ein Basic-Oberteil mit verschiedenen Variationsm\u00f6glichkeiten. Und das Beste: ab sofort sogar im Partnerlook m\u00f6glich. Du erh\u00e4ltst das eBook in den Gr\u00f6\u00dfen 56-146 und 34-50.<\/p>\n","protected":false},"featured_media":5611,"comment_status":"open","ping_status":"closed","template":"","meta":{"site-sidebar-layout":"default","site-content-layout":"default","ast-global-header-display":"","ast-banner-title-visibility":"","ast-main-header-display":"","ast-hfb-above-header-display":"","ast-hfb-below-header-display":"","ast-hfb-mobile-header-display":"","site-post-title":"disabled","ast-breadcrumbs-content":"","ast-featured-img":"disabled","footer-sml-layout":"","theme-transparent-header-meta":"default","adv-header-id-meta":"","stick-header-meta":"","header-above-stick-meta":"","header-main-stick-meta":"","header-below-stick-meta":""},"product_cat":[15],"product_tag":[],"yoast_head":"<!-- This site is optimized with the Yoast SEO plugin v21.8.1 - https:\/\/yoast.com\/wordpress\/plugins\/seo\/ -->\n<title>Kombi-eBook Der kleine und gro\u00dfe Murkel (Gr\u00f6\u00dfe 56-146 &amp; 34-50) - Jonelli Fashion<\/title>\n<meta name=\"description\" content=\"Der Murkel ist ein Basic-Oberteil mit verschiedenen Variationsm\u00f6glichkeiten. Und das Beste: ab sofort sogar im Partnerlook m\u00f6glich. Du erh\u00e4ltst das eBook in den Gr\u00f6\u00dfen 56-146 und 34-50.\" \/>\n<meta name=\"robots\" content=\"index, follow, max-snippet:-1, max-image-preview:large, max-video-preview:-1\" \/>\n<link rel=\"canonical\" href=\"https:\/\/jonelli-fashion.de\/index.php\/produkt\/kombi-ebook-der-kleine-und-grosse-murkel-groesse-56-146-34-50\/\" \/>\n<meta property=\"og:locale\" content=\"de_DE\" \/>\n<meta property=\"og:type\" content=\"article\" \/>\n<meta property=\"og:title\" content=\"Kombi-eBook Der kleine und gro\u00dfe Murkel (Gr\u00f6\u00dfe 56-146 &amp; 34-50) - Jonelli Fashion\" \/>\n<meta property=\"og:description\" content=\"Der Murkel ist ein Basic-Oberteil mit verschiedenen Variationsm\u00f6glichkeiten. Und das Beste: ab sofort sogar im Partnerlook m\u00f6glich. Du erh\u00e4ltst das eBook in den Gr\u00f6\u00dfen 56-146 und 34-50.\" \/>\n<meta property=\"og:url\" content=\"https:\/\/jonelli-fashion.de\/index.php\/produkt\/kombi-ebook-der-kleine-und-grosse-murkel-groesse-56-146-34-50\/\" \/>\n<meta property=\"og:site_name\" content=\"Jonelli Fashion\" \/>\n<meta property=\"article:modified_time\" content=\"2022-12-08T23:02:10+00:00\" \/>\n<meta property=\"og:image\" content=\"https:\/\/jonelli-fashion.de\/wp-content\/uploads\/2022\/01\/Titelbilder-Shop-Kombi-eBook.jpg\" \/>\n\t<meta property=\"og:image:width\" content=\"1414\" \/>\n\t<meta property=\"og:image:height\" content=\"2000\" \/>\n\t<meta property=\"og:image:type\" content=\"image\/jpeg\" \/>\n<meta name=\"twitter:card\" content=\"summary_large_image\" \/>\n<meta name=\"twitter:label1\" content=\"Gesch\u00e4tzte Lesezeit\" \/>\n\t<meta name=\"twitter:data1\" content=\"3\u00a0Minuten\" \/>\n<script type=\"application\/ld+json\" class=\"yoast-schema-graph\">{\"@context\":\"https:\/\/schema.org\",\"@graph\":[{\"@type\":\"WebPage\",\"@id\":\"https:\/\/jonelli-fashion.de\/index.php\/produkt\/kombi-ebook-der-kleine-und-grosse-murkel-groesse-56-146-34-50\/\",\"url\":\"https:\/\/jonelli-fashion.de\/index.php\/produkt\/kombi-ebook-der-kleine-und-grosse-murkel-groesse-56-146-34-50\/\",\"name\":\"Kombi-eBook Der kleine und gro\u00dfe Murkel (Gr\u00f6\u00dfe 56-146 & 34-50) - Jonelli Fashion\",\"isPartOf\":{\"@id\":\"https:\/\/jonelli-fashion.de\/#website\"},\"datePublished\":\"2022-01-11T17:50:44+00:00\",\"dateModified\":\"2022-12-08T23:02:10+00:00\",\"description\":\"Der Murkel ist ein Basic-Oberteil mit verschiedenen Variationsm\u00f6glichkeiten. Und das Beste: ab sofort sogar im Partnerlook m\u00f6glich. Du erh\u00e4ltst das eBook in den Gr\u00f6\u00dfen 56-146 und 34-50.\",\"breadcrumb\":{\"@id\":\"https:\/\/jonelli-fashion.de\/index.php\/produkt\/kombi-ebook-der-kleine-und-grosse-murkel-groesse-56-146-34-50\/#breadcrumb\"},\"inLanguage\":\"de\",\"potentialAction\":[{\"@type\":\"ReadAction\",\"target\":[\"https:\/\/jonelli-fashion.de\/index.php\/produkt\/kombi-ebook-der-kleine-und-grosse-murkel-groesse-56-146-34-50\/\"]}]},{\"@type\":\"BreadcrumbList\",\"@id\":\"https:\/\/jonelli-fashion.de\/index.php\/produkt\/kombi-ebook-der-kleine-und-grosse-murkel-groesse-56-146-34-50\/#breadcrumb\",\"itemListElement\":[{\"@type\":\"ListItem\",\"position\":1,\"name\":\"Startseite\",\"item\":\"https:\/\/jonelli-fashion.de\/\"},{\"@type\":\"ListItem\",\"position\":2,\"name\":\"Shop\",\"item\":\"https:\/\/jonelli-fashion.de\/index.php\/shop\/\"},{\"@type\":\"ListItem\",\"position\":3,\"name\":\"Kombi-eBook Der kleine und gro\u00dfe Murkel (Gr\u00f6\u00dfe 56-146 &#038; 34-50)\"}]},{\"@type\":\"WebSite\",\"@id\":\"https:\/\/jonelli-fashion.de\/#website\",\"url\":\"https:\/\/jonelli-fashion.de\/\",\"name\":\"Jonelli Fashion\",\"description\":\"Wenn aus N\u00e4hen eine Leidenschaft wird\",\"potentialAction\":[{\"@type\":\"SearchAction\",\"target\":{\"@type\":\"EntryPoint\",\"urlTemplate\":\"https:\/\/jonelli-fashion.de\/?s={search_term_string}\"},\"query-input\":\"required name=search_term_string\"}],\"inLanguage\":\"de\"}]}<\/script>\n<!-- \/ Yoast SEO plugin. -->","yoast_head_json":{"title":"Kombi-eBook Der kleine und gro\u00dfe Murkel (Gr\u00f6\u00dfe 56-146 & 34-50) - Jonelli Fashion","description":"Der Murkel ist ein Basic-Oberteil mit verschiedenen Variationsm\u00f6glichkeiten. Und das Beste: ab sofort sogar im Partnerlook m\u00f6glich. Du erh\u00e4ltst das eBook in den Gr\u00f6\u00dfen 56-146 und 34-50.","robots":{"index":"index","follow":"follow","max-snippet":"max-snippet:-1","max-image-preview":"max-image-preview:large","max-video-preview":"max-video-preview:-1"},"canonical":"https:\/\/jonelli-fashion.de\/index.php\/produkt\/kombi-ebook-der-kleine-und-grosse-murkel-groesse-56-146-34-50\/","og_locale":"de_DE","og_type":"article","og_title":"Kombi-eBook Der kleine und gro\u00dfe Murkel (Gr\u00f6\u00dfe 56-146 & 34-50) - Jonelli Fashion","og_description":"Der Murkel ist ein Basic-Oberteil mit verschiedenen Variationsm\u00f6glichkeiten. Und das Beste: ab sofort sogar im Partnerlook m\u00f6glich. Du erh\u00e4ltst das eBook in den Gr\u00f6\u00dfen 56-146 und 34-50.","og_url":"https:\/\/jonelli-fashion.de\/index.php\/produkt\/kombi-ebook-der-kleine-und-grosse-murkel-groesse-56-146-34-50\/","og_site_name":"Jonelli Fashion","article_modified_time":"2022-12-08T23:02:10+00:00","og_image":[{"width":1414,"height":2000,"url":"https:\/\/jonelli-fashion.de\/wp-content\/uploads\/2022\/01\/Titelbilder-Shop-Kombi-eBook.jpg","type":"image\/jpeg"}],"twitter_card":"summary_large_image","twitter_misc":{"Gesch\u00e4tzte Lesezeit":"3\u00a0Minuten"},"schema":{"@context":"https:\/\/schema.org","@graph":[{"@type":"WebPage","@id":"https:\/\/jonelli-fashion.de\/index.php\/produkt\/kombi-ebook-der-kleine-und-grosse-murkel-groesse-56-146-34-50\/","url":"https:\/\/jonelli-fashion.de\/index.php\/produkt\/kombi-ebook-der-kleine-und-grosse-murkel-groesse-56-146-34-50\/","name":"Kombi-eBook Der kleine und gro\u00dfe Murkel (Gr\u00f6\u00dfe 56-146 & 34-50) - Jonelli Fashion","isPartOf":{"@id":"https:\/\/jonelli-fashion.de\/#website"},"datePublished":"2022-01-11T17:50:44+00:00","dateModified":"2022-12-08T23:02:10+00:00","description":"Der Murkel ist ein Basic-Oberteil mit verschiedenen Variationsm\u00f6glichkeiten. Und das Beste: ab sofort sogar im Partnerlook m\u00f6glich. Du erh\u00e4ltst das eBook in den Gr\u00f6\u00dfen 56-146 und 34-50.","breadcrumb":{"@id":"https:\/\/jonelli-fashion.de\/index.php\/produkt\/kombi-ebook-der-kleine-und-grosse-murkel-groesse-56-146-34-50\/#breadcrumb"},"inLanguage":"de","potentialAction":[{"@type":"ReadAction","target":["https:\/\/jonelli-fashion.de\/index.php\/produkt\/kombi-ebook-der-kleine-und-grosse-murkel-groesse-56-146-34-50\/"]}]},{"@type":"BreadcrumbList","@id":"https:\/\/jonelli-fashion.de\/index.php\/produkt\/kombi-ebook-der-kleine-und-grosse-murkel-groesse-56-146-34-50\/#breadcrumb","itemListElement":[{"@type":"ListItem","position":1,"name":"Startseite","item":"https:\/\/jonelli-fashion.de\/"},{"@type":"ListItem","position":2,"name":"Shop","item":"https:\/\/jonelli-fashion.de\/index.php\/shop\/"},{"@type":"ListItem","position":3,"name":"Kombi-eBook Der kleine und gro\u00dfe Murkel (Gr\u00f6\u00dfe 56-146 &#038; 34-50)"}]},{"@type":"WebSite","@id":"https:\/\/jonelli-fashion.de\/#website","url":"https:\/\/jonelli-fashion.de\/","name":"Jonelli Fashion","description":"Wenn aus N\u00e4hen eine Leidenschaft wird","potentialAction":[{"@type":"SearchAction","target":{"@type":"EntryPoint","urlTemplate":"https:\/\/jonelli-fashion.de\/?s={search_term_string}"},"query-input":"required name=search_term_string"}],"inLanguage":"de"}]}},"_links":{"self":[{"href":"https:\/\/jonelli-fashion.de\/index.php\/wp-json\/wp\/v2\/product\/5610"}],"collection":[{"href":"https:\/\/jonelli-fashion.de\/index.php\/wp-json\/wp\/v2\/product"}],"about":[{"href":"https:\/\/jonelli-fashion.de\/index.php\/wp-json\/wp\/v2\/types\/product"}],"replies":[{"embeddable":true,"href":"https:\/\/jonelli-fashion.de\/index.php\/wp-json\/wp\/v2\/comments?post=5610"}],"version-history":[{"count":17,"href":"https:\/\/jonelli-fashion.de\/index.php\/wp-json\/wp\/v2\/product\/5610\/revisions"}],"predecessor-version":[{"id":8632,"href":"https:\/\/jonelli-fashion.de\/index.php\/wp-json\/wp\/v2\/product\/5610\/revisions\/8632"}],"wp:featuredmedia":[{"embeddable":true,"href":"https:\/\/jonelli-fashion.de\/index.php\/wp-json\/wp\/v2\/media\/5611"}],"wp:attachment":[{"href":"https:\/\/jonelli-fashion.de\/index.php\/wp-json\/wp\/v2\/media?parent=5610"}],"wp:term":[{"taxonomy":"product_cat","embeddable":true,"href":"https:\/\/jonelli-fashion.de\/index.php\/wp-json\/wp\/v2\/product_cat?post=5610"},{"taxonomy":"product_tag","embeddable":true,"href":"https:\/\/jonelli-fashion.de\/index.php\/wp-json\/wp\/v2\/product_tag?post=5610"}],"curies":[{"name":"wp","href":"https:\/\/api.w.org\/{rel}","templated":true}]}}